22 (base 3) in base 11?
-173976
2403312142 (base 5) to base 3
101101202010210
220102313 (base 4) to base 16
284b7
42aa0 (base 13) to base 14
31c82
What is -533aa3 (base 11) in base 8?
-3204736
43222540 (base 6) to base 13
359c07
-5343250 (base 6) to base 3
-111100010210
Convert 10000001100001001011 (base 2) to base 15.
a72c2
Convert -1168044 (base 9) to base 4.
-2123031100
-47d10 (base 14) to base 16
-2ad4a
Convert 111000010000010100000010 (base 2) to base 6.
1244024334
Convert 15bc647 (base 14) to base 13.
229a107
202000200211 (base 3) to base 16
603b8
What is -251551153 (base 6) in base 14?
-903d13
Convert -12323332310 (base 4) to base 2.
-110111011111110110100
Convert 201152 (base 9) to base 12.
58a0b
-130461 (base 8) to base 3
-2022020001
-2001121002001 (base 3) to base 7
-12205222
-7547a3 (base 13) to base 15
-3955e0
-2342333104 (base 5) to base 4
-110232202321
What is 11625526 (base 8) in base 5?
1124120443
What is 1098a29 (base 15) in base 5?
11020004124
Convert 205423 (base 12) to base 16.
7bc1b
What is -1120011011022 (base 3) in base 16?
-ca916
Convert 75764014 (base 8) to base 10.
16246796
Convert 512165 (base 10) to base 14.
d4913
What is 2241325 (base 6) in base 5?
12130024
-12629b (base 16) to base 10
-1204891
Convert -302214 (base 5) to base 7.
-40143
Convert -1100001110101000000 (base 2) to base 4.
-1201311000
101011110000100111 (base 2) to base 7
1344364
Convert -222212022211 (base 3) to base 2.
-10000001000101111011
What is 2559202 (base 11) in base 3?
22100021001000
What is 1121304314 (base 5) in base 15?
34d4c4
What is -11100010011101 (base 2) in base 10?
-14493
What is -20200212121102 (base 3) in base 4?
-31211023112
Convert 604223 (base 7) to base 15.
204be
Convert 12414244 (base 5) to base 8.
360302
What is 45002 (base 8) in base 4?
10220002
What is -26041726 (base 8) in base 11?
-32a1008
Convert -862585 (base 13) to base 6.
-151241414
-13c54c (base 13) to base 14
-c8693
-220022020230 (base 4) to base 14
-1580684
Convert -7cae4 (base 15) to base 8.
-1410033
Convert -11010001010101010 (base 2) to base 13.
-39a26
5020354 (base 6) to base 15
49de4
What is -2359685 (base 12) in base 11?
-3950a95
What is -13145433 (base 6) in base 7?
-3455424
-12885 (base 15) to base 14
-1787a
Convert -a317a (base 13) to base 16.
-47677
-c8642d (base 14) to base 2
-11001110110111010001001
What is 3323333223 (base 4) in base 8?
3737753
-1565058 (base 10) to base 7
-16205565
What is 149239 (base 10) in base 4?
210123313
What is 110111110100000111111 (base 2) in base 8?
6764077
-1235a (base 13) to base 16
-8301
-10036 (base 12) to base 14
-7802
-1604d0 (base 14) to base 16
-bbd06
What is 243420 (base 6) in base 13?
9a5c
1310121202 (base 4) to base 6
14115134
2202221122101 (base 3) to base 13
3c8629
What is -1003130123 (base 4) in base 14?
-72963
What is 65009a (base 13) in base 12?
963b16
Convert -49329 (base 10) to base 7.
-263550
Convert -d7522 (base 16) to base 15.
-1264be
1010212012012 (base 3) to base 2
10010100010010100101
-3443465 (base 10) to base 15
-480445
What is -3ad7b (base 16) in base 11?
-155099
What is -650d19 (base 14) in base 9?
-6384482
Convert -9f28 (base 16) to base 11.
-28680
Convert 122220120112 (base 3) to base 15.
6e6bb
Convert 31102424 (base 7) to base 9.
4811658
Convert -3e40c (base 16) to base 2.
-111110010000001100
What is 445663 (base 9) in base 12?
10a370
What is 65602 (base 12) in base 16?
20b22
11433040 (base 5) to base 9
174767
What is 35344152 (base 6) in base 8?
4151304
What is -3181870 (base 10) in base 8?
-14106456
6605562 (base 7) to base 8
3053444
What is 10001010100111100 (base 2) in base 9?
117317
What is 2ca7cb (base 16) in base 4?
23022133023
-1364032 (base 7) to base 14
-4b019
5208168 (base 9) to base 15
39e138
What is -2e482 (base 15) in base 12?
-72642
What is 157589 (base 14) in base 2?
10110111001010000101
Convert 9a69a (base 14) to base 11.
236401
Convert 206765 (base 9) to base 5.
12414343
What is -11041134 (base 10) in base 12?
-3845666
What is 23266276 (base 8) in base 3?
100112210101000
What is e57ef (base 16) in base 9?
1682411
Convert 21160 (base 10) to base 5.
1134120
What is 1ad99 (base 14) in base 15?
15494
Convert -1120220021221 (base 3) to base 14.
-17da20
What is -3103263 (base 9) in base 10?
-1655778
58250 (base 15) to base 16
4484a
Convert 3423541 (base 10) to base 7.
41046112
What is -72095 (base 10) in base 6?
-1313435
Convert -13316364 (base 7) to base 14.
-240b6b
What is -342715 (base 10) in base 12?
-1463b7
What is 255765 (base 8) in base 12?
43671
52a71 (base 12) to base 11
74703
What is 2ca9b (base 16) in base 10?
182939
Convert -3116464 (base 9) to base 14.
-314945
207489 (base 11) to base 16
510e0
What is 212142130 (base 6) in base 8?
16224206
Convert 162803 (base 10) to base 4.
213233303
What is 10a9169 (base 11) in base 14?
383598
Convert 267a4 (base 12) to base 10.
52972
468402 (base 10) to base 11
29aa10
What is 1a702 (base 16) in base 8?
323402
-c83d (base 15) to base 14
-11618
Convert 513032253 (base 6) to base 9.
17536056
What is 2652266 (base 7) in base 11?
219212
Convert 15d14 (base 16) to base 6.
1525420
What is 1a7c8 (base 13) in base 8?
145246
Convert -254345124 (base 6) to base 4.
-102332221030
What is -10021201002 (base 3) in base 7?
-356351
Convert -1001070 (base 8) to base 15.
-52c92
247bb3 (base 16) to base 9
4443705
Convert 580671 (base 10) to base 5.
122040141
Convert -632c4 (base 14) to base 13.
-84bc1
596361 (base 15) to base 8
20232554
-10011011101 (base 3) to base 5
-3441313
Convert 14521350 (base 6) to base 2.
1111100000111100010
Convert 112022012210 (base 3) to base 9.
468183
What is -1a63844 (base 11) in base 3?
-20112112200222
-111abb (base 15) to base 5
-202101201
6bb7b (base 12) to base 3
21101001012
16143333 (base 7) to base 13
42693c
What is 317bd (base 15) in base 9?
258327
Convert -233036 (base 7) to base 3.
-2010102212
Convert -20440277 (base 8) to base 10.
-4341951
What is -111110001100000011001 (base 2) in base 3?
-10211112022112
What is 54f4bd (base 16) in base 15?
74ea37
What is -2515245 (base 6) in base 2?
-100000111000001101
What is -50ec7c (base 16) in base 9?
-10872828
What is 3156340 (base 9) in base 11?
a55389
30352352 (base 6) to base 5
210321223
210020020000 (base 3) to base 9
706200
What is ff294 (base 16) in base 10?
1045140
What is 1001002122210021 (base 3) in base 4?
320331223021
What is 2a9074 (base 14) in base 8?
5523476
Convert 1101100110100110 (base 2) to base 3.
2211102122
-353687 (base 9) to base 6
-4320424
What is -556054 (base 7) in base 3?
-11222121201
Convert -60099 (base 10) to base 7.
-340134
1444424023 (base 5) to base 15
52200d
Convert -33157416 (base 8) to base 10.
-7134990
What is 963609 (base 11) in base 16?
178791
What is 971395 (base 10) in base 7?
11154025
Convert 547527 (base 8) to base 10.
184151
-2347554 (base 8) to base 5
-131033144
Convert 11011010011101101 (base 2) to base 8.
332355
Convert babca (base 13) to base 6.
11125330
Convert -101211001021 (base 4) to base 5.
-2134424243
Convert -1480d2 (base 15) to base 4.
-3301132100
Convert 11311032210 (base 4) to base 2.
101110101001110100100
What is -2a03386 (base 12) in base 4?
-200102321112
What is -44776 (base 11) in base 10?
-64818
What is 143116443 (base 7) in base 3?
122202021012200
What is -ba31c (base 13) in base 16?
-52321
Convert 103023 (base 5) to base 15.
1093
22234330 (base 5) to base 9
328136
What is 3451511 (base 7) in base 3?
210222122202
What is 322222310 (base 4) in base 13?
854c3
What is -120122011222 (base 3) in base 2?
-1001011001000111100
-478430 (base 10) to base 5
-110302210
What is 2901ab2 (base 12) in base 6?
452023142
Convert -1c2e1a (base 16) to base 14.
-361070
What is 339288 (base 11) in base 7?
4404401
Convert 225602 (base 12) to base 2.
10000101111100100010
-110299 (base 12) to base 2
-1000001111010010101
4103 (base 7) to base 3
1221202
Convert 100830 (base 9) to base 13.
21252
Convert -137644 (base 8) to base 6.
-1015044
Convert 1093617 (base 10) to base 4.
10022333301
What is -26845 (base 9) in base 4?
-10130021
100101001011111110011110 (base 2) to base 5
4443422012
Convert -118958 (base 12) to base 10.
-284756
Convert 1010001111101100 (base 2) to base 12.
20350
1035232343 (base 6) to base 7
163643622
What is 34571 